(-6). Suppose 4*b - 2*c + 7*c - 28 = 0, -b + s = -2*c. Let w = 40 + -8. What is the remainder when w is divided by b?
8
Let y(v) = v**3 + 6*v**2 - 6*v + 7. Let k be y(-7). Let x be 29/(-4)*-4 - -2. Suppose k = a + 10 - x. What is the remainder when a is divided by 11?
10
Let n(o) = o**3 + 10*o**2 + 16*o + 7. Let i be n(-11). Let w = i + 299. What is the remainder when w is divided by ((-2)/3)/(2/(-18))?
3
Suppose 0 = 3282*p - 3239*p - 4429. Let z(s) = 8*s + 3. What is the remainder when p is divided by z(4)?
33
Suppose -1 = -x + 3*c, 4*c + 8 + 5 = 3*x. Suppose 11*t = x*t + 432. What is the remainder when t is divided by 34?
6
Let q = 274 + -218. Let x = 106 - q. What is the remainder when x is divided by 9?
5
Suppose 1341*s + 392 = 1342*s. What is the remainder when s is divided by 24?
8
Let v be (-5)/((-180)/17848) - (-6)/27. Let q = v + -473. What is the remainder when q is divided by 12?
11
Let m(u) = 144*u**2 - 104*u + 214. Calculate the remainder when m(2) is divided by 23.
7
Suppose 174 = -d + 3*d. Let k = d - -12. Suppose -3*n + g + g + k = 0, 5*n = 4*g + 167. Calculate the remainder when 90 is divided by n.
28
Let n(z) be the second derivative of 15*z**4/4 - z**3/6 + 3*z**2/2 - 5*z. Suppose 4*g + 6*g = 20. What is the remainder when n(g) is divided by 37?
33
Let p = -6 - -17. Let f = p - -16. What is the remainder when 26 is divided by (-128)/(-9) - 6/f?
12
Suppose 22*c - 18*c - q = 3348, -c + 837 = 4*q. Calculate the remainder when c is divided by 6.
3
Let b(v) = 9*v - 4. Suppose 58*o + 396 = 62*o. Suppose -o*p + 97*p = -14. What is the remainder when b(4) is divided by p?
4
Let t = 4 + -2. Suppose 2*o - 341 = o + 4*v, -3*v = 9. Calculate the remainder when (-4)/10 + 4/(140/o) is divided by t.
1
Let p = 337 + 575. Let a = p + -857. What is the remainder when 127 is divided by a?
17
Suppose 0 = -2*j - 0*f + 5*f + 227, -3*f = 4*j - 467. What is the remainder when j is divided by 15?
11
Let m(d) = 14*d + 250. What is the remainder when m(-13) is divided by 16?
4
What is the remainder when (69/(-9) - -6)/((-1)/30) is divided by (-385)/1155*1/((-1)/42)?
8
Suppose 5*h - 3*r = -207, r + 130 = -3*h - 3*r. Let p = 43 + h. Calculate the remainder when 11 is divided by p.
0
Suppose -24*j = 1475 - 1715. What is the remainder when 17 is divided by j?
7
Let o be (47 - (3 + 3))/(1/1). Calculate the remainder when (2/6)/(o/12915) is divided by 28.
21
Suppose -7*h = -3*h - 120. Let l be 4 - 1 - (-594 + 27). Suppose 25 = 5*v, 0*p - 3*v + l = 5*p. What is the remainder when p is divided by h?
21
Suppose 3*c + 3*k = 5*k + 608, -3*c + 632 = k. What is the remainder when 3738 is divided by c?
202
Suppose 3*y + 162 = 3*n, -73*n + 8*y - 90 = -74*n. Calculate the remainder when 1056 is divided by n.
12
Let l = 274 - 194. Suppose 2*w = -v - 9, 27*v = 29*v - 2*w - 36. What is the remainder when l is divided by v?
8
Suppose -3*b - 2 = 4, -4*z - 4*b + 84 = 0. Suppose -123 + z = -5*a. Let p = 42 - a. Calculate the remainder when p is divided by 13.
9
Let w(k) = 29*k - 1. Suppose -23*m - 581 = 1167. What is the remainder when w(2) is divided by (2 + m/8)/(6/(-24))?
27
Let k = 40 - 56. Let b be ((-225)/20)/(4/k). Let r = 73 - b. Calculate the remainder when 82 is divided by r.
26
What is the remainder when ((-2023)/34)/((2 - 6)/104) is divided by 50?
47
Suppose 64 = -0*s + 4*s. Let b be (-10 + 0)*-3*6/45. Suppose b*r - 7*r = -3*n + 177, 5*n = r + 295. What is the remainder when n is divided by s?
11
Let j(u) = 8*u. Let x be j(2). What is the remainder when (-1 - 329)*x/(-40) is divided by 69?
63
Suppose 13014 = -25*j + 7*j. Let b = -494 - j. What is the remainder when b is divided by 11?
9
Let z(a) = 25*a - 48. Suppose 62 = 4*i - 3*u + u, -5*i = 2*u - 82. Let y be z(i). Suppose -y = -10*t - t. What is the remainder when 93 is divided by t?
29
Let b(c) = 3*c**2 - 173*c - 328. Let f(u) = u**2 + 16*u - 3. Calculate the remainder when b(60) is divided by f(-18).
26
Calculate the remainder when (1236/42 - 18)/((-8)/(-84)) is divided by 16.
8
Let d = 6144 + -6043. What is the remainder when d is divided by (5 - 2) + (-6)/(-3)?
1
Suppose -544 = -279*d + 247*d. What is the remainder when 416/9 - 2/9 is divided by d?
12
Let i be ((-4190)/(-20))/((-1)/2). Let u = 446 + i. What is the remainder when 92 is divided by u?
11
Suppose 145 + 123 = 4*q - 88. Calculate the remainder when q is divided by 18.
17
Let i(c) = 4*c**3 - 3*c**2 + c + 4. Suppose -3358 = -128*h - 106*h + 620. Calculate the remainder when i(4) is divided by h.
12
Suppose -q = -2*q + 99. Let u = -6803 - -6820. Calculate the remainder when q is divided by u.
14
Let n(l) = 61*l - 5. Let j(s) = -5*s**2 + 25*s + 358. What is the remainder when n(6) is divided by j(-6)?
25
Let w(c) = 8*c. Let z be w(7). Suppose -4*l + p + 335 = -10, -4*p - 190 = -2*l. Let g = l - z. What is the remainder when 84 is divided by g?
26
Let a be ((-12)/(-2))/(19/(-304)). Let s = 119 + a. What is the remainder when 54 is divided by s?
8
What is the remainder when 146 is divided by (-20)/(11 + -31) - (-1 + -27)?
1
Let m = -500 - -572. Calculate the remainder when m is divided by 36.
0
Let t be 366/(-12)*(-2 + -2). Suppose -5*b + 5 = -0*b - 5*f, -5*b + 5 = 4*f. Calculate the remainder when (0 - -1)*(t - b) is divided by 31.
28
Let v be (3/6)/(2 - (-11)/(-6)). Suppose 0 = -2*f + v*l + 36, f = 3*f - 4*l - 36. Calculate the remainder when 120 is divided by f.
12
Suppose -105*z + 134*z - 9194 - 5219 = 0. Calculate the remainder when z is divided by 152.
41
Let n(u) = 2*u**2 + 35*u + 11. Let s be n(-17). Let i be (-9)/s*2*(-5)/(-15). Calculate the remainder when (181 - i)*1*(-6)/(-15) is divided by 15.
12
Suppose 32*o + 600 = 26*o. Let n = o + 145. What is the remainder when n is divided by 19?
7
Let c = 6019 - 5882. What is the remainder when c is divided by 42?
11
Suppose -34*z - 163 = -775. Let v(s) = -2*s**2 - 29*s + 6. Calculate the remainder when v(-13) is divided by z.
9
Calculate the remainder when 837/8 - (-15)/40 is divided by (22/6)/((-9 - -22)/39).
6
Suppose -4*d = -5*m - 21, -d + 2*m = 6*m. Suppose -4*t = 5*s - 118, 0*t = -4*s - d*t + 96. What is the remainder when 72 is divided by s?
6
Let i(a) = 4*a**2 - 87*a - 143. What is the remainder when i(29) is divided by 349?
0
Let i be (-36)/(-54) + (-7772)/3 - -5. Calculate the remainder when 3 - i/15 - (-4)/6 is divided by 92.
84
Suppose 1 + 5 = u - c, -c = -5*u + 14. Let z be u/(-4) - 65/(-26). Suppose 4*j + b = -2*b + 80, 2*j + z*b = 42. What is the remainder when 50 is divided by j?
16
Suppose 0 = 4*t - 3*z - 101, 39*z = -t + 35*z + 11. What is the remainder when 489/12 + 1/4 is divided by t?
18
Let j(b) = 31*b**2 + 2*b + 5. Let g be j(3). Let a = g + -271. Calculate the remainder when 26 is divided by a.
7
Let v(f) = -4*f + 384. What is the remainder when v(24) is divided by 1218/(-63)*6/(-4)?
27
Let m(k) = -483*k - 346. What is the remainder when m(-2) is divided by 121?
15
Let z be -5 - (3 + -4 - 12). What is the remainder when (12/5)/(z/320) is divided by 35?
26
Let t(s) = 274*s + 276. Suppose -4*n - 10 = n. Let k(a) = -2*a - 2. Calculate the remainder when t(-1) is divided by k(n).
0
Suppose -10*c + 8*c = -36. Let x be (-6)/8 - c/(-24). Suppose 3*o - 5*p = 37 + 15, x = -o - 3*p + 36. What is the remainder when o is divided by 14?
10
Let r = 16227 + -15980. Calculate the remainder when 474 is divided by r.
227
Let z(d) be the second derivative of d**5/20 - 7*d**4/6 + 5*d**3/6 - 19*d**2 + 17*d. Calculate the remainder when z(14) is divided by 9.
5
Let c(q) = q**3 - 54*q**2 + 46*q + 403. Calculate the remainder when 148 is divided by c(53).
20
Suppose -5*x = 5*z - 30, -2*x + 7*z - 4*z + 2 = 0. Suppose -3*s + 9 = a, -3*a - 1 = -6*a + x*s. Calculate the remainder when 70 is divided by a.
1
Suppose -37*j = -42*j + 295. Suppose -2 = -m - 0, -d = -3*m - 36. Let t = j - d. What is the remainder when 42 is divided by t?
8
Suppose -8*a + 9*a - 3 = 0. Suppose -9*b - a*b + 36 = 0. Suppose 2*j - 65 = -b*j. What is the remainder when j is divided by 7?
6
Let t(l) = 95*l + 410. What is the remainder when 181 is divided by t(-4)?
1
Let q = 306 - 298. Suppose -97 = -10*l + q*l + 3*r, 5*r = 3*l - 147. What is the remainder when 306 is divided by l?
42
Let o be 40/10 + -1*5. What is the remainde